{"id":166,"date":"2019-03-25T07:24:59","date_gmt":"2019-03-25T07:24:59","guid":{"rendered":"http:\/\/turizamnekretnine.me\/nekretnine\/contact-us\/"},"modified":"2026-03-04T20:33:39","modified_gmt":"2026-03-04T19:33:39","slug":"contact-us","status":"publish","type":"page","link":"https:\/\/turizamnekretnine.me\/nekretnine\/contact-us\/","title":{"rendered":"Kontakt"},"content":{"rendered":"<section class=\"wpb-content-wrapper\"><p>[vc_row][vc_column width=&#8221;1\/2&#8243; el_id=&#8221;`{`contact-form-7 id=&#8220;11876ff&#8220;&#8221;]\n<div class=\"wpcf7 no-js\" id=\"wpcf7-f1993-o1\" lang=\"sr-RS\" dir=\"ltr\" data-wpcf7-id=\"1993\">\n<div class=\"screen-reader-response\"><p role=\"status\" aria-live=\"polite\" aria-atomic=\"true\"><\/p> <ul><\/ul><\/div>\n<form action=\"\/nekretnine\/wp-json\/wp\/v2\/pages\/166#wpcf7-f1993-o1\" method=\"post\" class=\"wpcf7-form init\" aria-label=\"Contact form\" novalidate=\"novalidate\" data-status=\"init\">\n<fieldset class=\"hidden-fields-container\"><input type=\"hidden\" name=\"_wpcf7\" value=\"1993\" \/><input type=\"hidden\" name=\"_wpcf7_version\" value=\"6.1.5\" \/><input type=\"hidden\" name=\"_wpcf7_locale\" value=\"sr_RS\" \/><input type=\"hidden\" name=\"_wpcf7_unit_tag\" value=\"wpcf7-f1993-o1\" \/><input type=\"hidden\" name=\"_wpcf7_container_post\" value=\"0\" \/><input type=\"hidden\" name=\"_wpcf7_posted_data_hash\" value=\"\" \/>\n<\/fieldset>\n<p><label> Va\u0161e ime<br \/>\n<span class=\"wpcf7-form-control-wrap\" data-name=\"your-name\"><input size=\"40\" maxlength=\"400\" class=\"wpcf7-form-control wpcf7-text wpcf7-validates-as-required\" autocomplete=\"name\" aria-required=\"true\" aria-invalid=\"false\" value=\"\" type=\"text\" name=\"your-name\" \/><\/span><br \/>\n<\/label>\n<\/p>\n<p><label> Va\u0161a e-po\u0161ta<br \/>\n<span class=\"wpcf7-form-control-wrap\" data-name=\"your-email\"><input size=\"40\" maxlength=\"400\" class=\"wpcf7-form-control wpcf7-email wpcf7-validates-as-required wpcf7-text wpcf7-validates-as-email\" autocomplete=\"email\" aria-required=\"true\" aria-invalid=\"false\" value=\"\" type=\"email\" name=\"your-email\" \/><\/span><br \/>\n<\/label>\n<\/p>\n<p><label> Predmet<br \/>\n<span class=\"wpcf7-form-control-wrap\" data-name=\"your-subject\"><input size=\"40\" maxlength=\"400\" class=\"wpcf7-form-control wpcf7-text wpcf7-validates-as-required\" aria-required=\"true\" aria-invalid=\"false\" value=\"\" type=\"text\" name=\"your-subject\" \/><\/span><br \/>\n<\/label>\n<\/p>\n<p><label> Va\u0161a poruka (opciono)<br \/>\n<span class=\"wpcf7-form-control-wrap\" data-name=\"your-message\"><textarea cols=\"40\" rows=\"10\" maxlength=\"2000\" class=\"wpcf7-form-control wpcf7-textarea\" aria-invalid=\"false\" name=\"your-message\"><\/textarea><\/span><br \/>\n<\/label>\n<\/p>\n<p><input class=\"wpcf7-form-control wpcf7-submit has-spinner\" type=\"submit\" value=\"Po\u0161alji\" \/>\n<\/p><p style=\"display: none !important;\" class=\"akismet-fields-container\" data-prefix=\"_wpcf7_ak_\"><label>&#916;<textarea name=\"_wpcf7_ak_hp_textarea\" cols=\"45\" rows=\"8\" maxlength=\"100\"><\/textarea><\/label><input type=\"hidden\" id=\"ak_js_1\" name=\"_wpcf7_ak_js\" value=\"166\"\/><script>document.getElementById( \"ak_js_1\" ).setAttribute( \"value\", ( new Date() ).getTime() );<\/script><\/p><div class=\"wpcf7-response-output\" aria-hidden=\"true\"><\/div>\n<\/form>\n<\/div>\n[\/vc_column][vc_column width=&#8221;1\/2&#8243; css=&#8221;.vc_custom_1553501247696{margin-top: 20px !important;}&#8221;][vc_column_text]<\/p>\n<p style=\"line-height: 1.9; margin: 4px 0;\"><i class=\"fas fa-phone\"><\/i><br \/>\n<a style=\"text-decoration: none; color: #222;\" href=\"tel:+38267081103\">+382 67 081 103<\/a><\/p>\n<p><i class=\"fas fa-envelope\"><\/i><br \/>\n<a style=\"text-decoration: none; color: #222;\" href=\"mailto:kolasinproperty@yahoo.com\">kolasinproperty@yahoo.com<\/a><\/p>\n<p><i class=\"fab fa-instagram\"><\/i><br \/>\n<a style=\"text-decoration: none; color: #222;\" href=\"https:\/\/www.instagram.com\/kolasinproperty\" target=\"_blank\" rel=\"noopener\">Kolasin Property<\/a><\/p>\n<p><i class=\"fab fa-facebook-square\"><\/i><br \/>\n<a style=\"text-decoration: none; color: #222;\" href=\"https:\/\/www.facebook.com\/kolasinproperty\/\" target=\"_blank\" rel=\"noopener\">Kolasin Property<\/a><\/p>\n<p><i class=\"fas fa-map-marker-alt\"><\/i><br \/>\nUlica 13. jula, Kola\u0161in 81210<\/p>\n<p><i class=\"far fa-clock\"><\/i><br \/>\nRadno vrijeme: 08:00\u201315:00[\/vc_column_text][\/vc_column][\/vc_row][vc_row full_width=&#8221;stretch_row_content_no_spaces&#8221;][vc_column][vc_gmaps link=&#8221;#E-8_JTNDaWZyYW1lJTIwc3JjJTNEJTIyaHR0cHMlM0ElMkYlMkZ3d3cuZ29vZ2xlLmNvbSUyRm1hcHMlMkZlbWJlZCUzRnBiJTNEJTIxMW0xOCUyMTFtMTIlMjExbTMlMjExZDYyNC41ODI2MDc4MjkwMjMlMjEyZDE5LjUyMTQ2MjExMjA5NDg0NSUyMTNkNDIuODIzMDgxNjQxNDQwMDElMjEybTMlMjExZjAlMjEyZjAlMjEzZjAlMjEzbTIlMjExaTEwMjQlMjEyaTc2OCUyMTRmMTMuMSUyMTNtMyUyMTFtMiUyMTFzMHgxMzRkN2QwMDYzZTIwMDRmJTI1M0EweGU2OTZhYzM0YzljMjBkMGIlMjEyc0VjbyUyNTIwVHJhdmVsJTI1MjAlMjUyNiUyNTIwS29sYXNpbiUyNTIwUHJvcGVydHklMjE1ZTElMjEzbTIlMjExc2JzJTIxMnN1cyUyMTR2MTc2MDY0NjE1MDE5MiUyMTVtMiUyMTFzYnMlMjEyc3VzJTIyJTIwd2lkdGglM0QlMjI2MDAlMjIlMjBoZWlnaHQlM0QlMjI0NTAlMjIlMjBzdHlsZSUzRCUyMmJvcmRlciUzQTAlM0IlMjIlMjBhbGxvd2Z1bGxzY3JlZW4lM0QlMjIlMjIlMjBsb2FkaW5nJTNEJTIybGF6eSUyMiUyMHJlZmVycmVycG9saWN5JTNEJTIybm8tcmVmZXJyZXItd2hlbi1kb3duZ3JhZGUlMjIlM0UlM0MlMkZpZnJhbWUlM0U=&#8221;][\/vc_column][\/vc_row][vc_row][vc_column][\/vc_column][\/vc_row]<\/p>\n<\/section>","protected":false},"excerpt":{"rendered":"<p>[vc_row][vc_column width=&#8221;1\/2&#8243; el_id=&#8221;`{`contact-form-7 id=&#8220;11876ff&#8220;&#8221;][\/vc_column][vc_column width=&#8221;1\/2&#8243; css=&#8221;.vc_custom_1553501247696{margin-top: 20px !important;}&#8221;][vc_column_text] +382 67 081 103 kolasinproperty@yahoo.com Kolasin Property Kolasin Property Ulica 13. jula, Kola\u0161in 81210 Radno vrijeme: 08:00\u201315:00[\/vc_column_text][\/vc_column][\/vc_row][vc_row full_width=&#8221;stretch_row_content_no_spaces&#8221;][vc_column][vc_gmaps link=&#8221;#E-8_JTNDaWZyYW1lJTIwc3JjJTNEJTIyaHR0cHMlM0ElMkYlMkZ3d3cuZ29vZ2xlLmNvbSUyRm1hcHMlMkZlbWJlZCUzRnBiJTNEJTIxMW0xOCUyMTFtMTIlMjExbTMlMjExZDYyNC41ODI2MDc4MjkwMjMlMjEyZDE5LjUyMTQ2MjExMjA5NDg0NSUyMTNkNDIuODIzMDgxNjQxNDQwMDElMjEybTMlMjExZjAlMjEyZjAlMjEzZjAlMjEzbTIlMjExaTEwMjQlMjEyaTc2OCUyMTRmMTMuMSUyMTNtMyUyMTFtMiUyMTFzMHgxMzRkN2QwMDYzZTIwMDRmJTI1M0EweGU2OTZhYzM0YzljMjBkMGIlMjEyc0VjbyUyNTIwVHJhdmVsJTI1MjAlMjUyNiUyNTIwS29sYXNpbiUyNTIwUHJvcGVydHklMjE1ZTElMjEzbTIlMjExc2JzJTIxMnN1cyUyMTR2MTc2MDY0NjE1MDE5MiUyMTVtMiUyMTFzYnMlMjEyc3VzJTIyJTIwd2lkdGglM0QlMjI2MDAlMjIlMjBoZWlnaHQlM0QlMjI0NTAlMjIlMjBzdHlsZSUzRCUyMmJvcmRlciUzQTAlM0IlMjIlMjBhbGxvd2Z1bGxzY3JlZW4lM0QlMjIlMjIlMjBsb2FkaW5nJTNEJTIybGF6eSUyMiUyMHJlZmVycmVycG9saWN5JTNEJTIybm8tcmVmZXJyZXItd2hlbi1kb3duZ3JhZGUlMjIlM0UlM0MlMkZpZnJhbWUlM0U=&#8221;][\/vc_column][\/vc_row][vc_row][vc_column][\/vc_column][\/vc_row]<\/p>\n","protected":false},"author":1,"featured_media":0,"parent":0,"menu_order":0,"comment_status":"closed","ping_status":"closed","template":"","meta":{"om_disable_all_campaigns":false,"_monsterinsights_skip_tracking":false,"_monsterinsights_sitenote_active":false,"_monsterinsights_sitenote_note":"","_monsterinsights_sitenote_category":0,"_uf_show_specific_survey":0,"_uf_disable_surveys":false,"footnotes":""},"class_list":["post-166","page","type-page","status-publish","hentry"],"acf":[],"yoast_head":"<!-- This site is optimized with the Yoast SEO Premium plugin v26.4 (Yoast SEO v27.4) - https:\/\/yoast.com\/product\/yoast-seo-premium-wordpress\/ -->\n<title>Kontakt \u2013 Agencija za nekretnine Kola\u0161in | Kola\u0161in Property<\/title>\n<meta name=\"description\" content=\"Kontaktirajte Kola\u0161in Property \u2013 agenciju za nekretnine u Kola\u0161inu. Prodaja i kupovina stanova, ku\u0107a i zemlji\u0161ta\" \/>\n<meta name=\"robots\" content=\"index, follow, max-snippet:-1, max-image-preview:large, max-video-preview:-1\" \/>\n<link rel=\"canonical\" href=\"https:\/\/turizamnekretnine.me\/nekretnine\/contact-us\/\" \/>\n<meta property=\"og:locale\" content=\"sr_RS\" \/>\n<meta property=\"og:type\" content=\"article\" \/>\n<meta property=\"og:title\" content=\"Kontakt \u2013 Agencija za nekretnine Kola\u0161in Property\" \/>\n<meta property=\"og:description\" content=\"Kontaktirajte Kola\u0161in Property \u2013 agenciju za nekretnine u Kola\u0161inu. Prodaja i kupovina stanova, ku\u0107a i zemlji\u0161ta\" \/>\n<meta property=\"og:url\" content=\"https:\/\/turizamnekretnine.me\/nekretnine\/contact-us\/\" \/>\n<meta property=\"og:site_name\" content=\"Kola\u0161in Property\" \/>\n<meta property=\"article:publisher\" content=\"https:\/\/www.facebook.com\/nekretnine.kl\/\" \/>\n<meta property=\"article:modified_time\" content=\"2026-03-04T19:33:39+00:00\" \/>\n<meta property=\"og:image\" content=\"https:\/\/turizamnekretnine.me\/nekretnine\/wp-content\/uploads\/2024\/10\/Kolasin-property-nekretnine.jpg\" \/>\n\t<meta property=\"og:image:width\" content=\"1200\" \/>\n\t<meta property=\"og:image:height\" content=\"675\" \/>\n\t<meta property=\"og:image:type\" content=\"image\/jpeg\" \/>\n<meta name=\"twitter:card\" content=\"summary_large_image\" \/>\n<meta name=\"twitter:title\" content=\"Kontakt\" \/>\n<meta name=\"twitter:label1\" content=\"\u041f\u0440\u043e\u0446\u0435\u045a\u0435\u043d\u043e \u0432\u0440\u0435\u043c\u0435 \u0447\u0438\u0442\u0430\u045a\u0430\" \/>\n\t<meta name=\"twitter:data1\" content=\"1 \u043c\u0438\u043d\u0443\u0442\" \/>\n<script type=\"application\/ld+json\" class=\"yoast-schema-graph\">{\"@context\":\"https:\\\/\\\/schema.org\",\"@graph\":[{\"@type\":\"WebPage\",\"@id\":\"https:\\\/\\\/turizamnekretnine.me\\\/nekretnine\\\/contact-us\\\/\",\"url\":\"https:\\\/\\\/turizamnekretnine.me\\\/nekretnine\\\/contact-us\\\/\",\"name\":\"Kontakt \u2013 Agencija za nekretnine Kola\u0161in | Kola\u0161in Property\",\"isPartOf\":{\"@id\":\"https:\\\/\\\/turizamnekretnine.me\\\/nekretnine\\\/#website\"},\"datePublished\":\"2019-03-25T07:24:59+00:00\",\"dateModified\":\"2026-03-04T19:33:39+00:00\",\"description\":\"Kontaktirajte Kola\u0161in Property \u2013 agenciju za nekretnine u Kola\u0161inu. Prodaja i kupovina stanova, ku\u0107a i zemlji\u0161ta\",\"breadcrumb\":{\"@id\":\"https:\\\/\\\/turizamnekretnine.me\\\/nekretnine\\\/contact-us\\\/#breadcrumb\"},\"inLanguage\":\"sr-RS\",\"potentialAction\":[{\"@type\":\"ReadAction\",\"target\":[\"https:\\\/\\\/turizamnekretnine.me\\\/nekretnine\\\/contact-us\\\/\"]}]},{\"@type\":\"BreadcrumbList\",\"@id\":\"https:\\\/\\\/turizamnekretnine.me\\\/nekretnine\\\/contact-us\\\/#breadcrumb\",\"itemListElement\":[{\"@type\":\"ListItem\",\"position\":1,\"name\":\"\u041f\u043e\u0447\u0435\u0442\u043d\u0430\",\"item\":\"https:\\\/\\\/turizamnekretnine.me\\\/nekretnine\\\/\"},{\"@type\":\"ListItem\",\"position\":2,\"name\":\"Kontakt\"}]},{\"@type\":\"WebSite\",\"@id\":\"https:\\\/\\\/turizamnekretnine.me\\\/nekretnine\\\/#website\",\"url\":\"https:\\\/\\\/turizamnekretnine.me\\\/nekretnine\\\/\",\"name\":\"Kola\u0161in Property\",\"description\":\"Real Estate in Kolasin &amp; Northern Montenegro\",\"publisher\":{\"@id\":\"https:\\\/\\\/turizamnekretnine.me\\\/nekretnine\\\/#organization\"},\"alternateName\":\"Nekretnine Kola\u0161in\",\"potentialAction\":[{\"@type\":\"SearchAction\",\"target\":{\"@type\":\"EntryPoint\",\"urlTemplate\":\"https:\\\/\\\/turizamnekretnine.me\\\/nekretnine\\\/?s={search_term_string}\"},\"query-input\":{\"@type\":\"PropertyValueSpecification\",\"valueRequired\":true,\"valueName\":\"search_term_string\"}}],\"inLanguage\":\"sr-RS\"},{\"@type\":\"Organization\",\"@id\":\"https:\\\/\\\/turizamnekretnine.me\\\/nekretnine\\\/#organization\",\"name\":\"KUBURA-PROMET\",\"url\":\"https:\\\/\\\/turizamnekretnine.me\\\/nekretnine\\\/\",\"logo\":{\"@type\":\"ImageObject\",\"inLanguage\":\"sr-RS\",\"@id\":\"https:\\\/\\\/turizamnekretnine.me\\\/nekretnine\\\/#\\\/schema\\\/logo\\\/image\\\/\",\"url\":\"https:\\\/\\\/turizamnekretnine.me\\\/nekretnine\\\/wp-content\\\/uploads\\\/2024\\\/10\\\/Logo-firma-short-1.png\",\"contentUrl\":\"https:\\\/\\\/turizamnekretnine.me\\\/nekretnine\\\/wp-content\\\/uploads\\\/2024\\\/10\\\/Logo-firma-short-1.png\",\"width\":696,\"height\":696,\"caption\":\"KUBURA-PROMET\"},\"image\":{\"@id\":\"https:\\\/\\\/turizamnekretnine.me\\\/nekretnine\\\/#\\\/schema\\\/logo\\\/image\\\/\"},\"sameAs\":[\"https:\\\/\\\/www.facebook.com\\\/nekretnine.kl\\\/\",\"https:\\\/\\\/www.facebook.com\\\/ecotravel.me\"]}]}<\/script>\n<!-- \/ Yoast SEO Premium plugin. -->","yoast_head_json":{"title":"Kontakt \u2013 Agencija za nekretnine Kola\u0161in | Kola\u0161in Property","description":"Kontaktirajte Kola\u0161in Property \u2013 agenciju za nekretnine u Kola\u0161inu. Prodaja i kupovina stanova, ku\u0107a i zemlji\u0161ta","robots":{"index":"index","follow":"follow","max-snippet":"max-snippet:-1","max-image-preview":"max-image-preview:large","max-video-preview":"max-video-preview:-1"},"canonical":"https:\/\/turizamnekretnine.me\/nekretnine\/contact-us\/","og_locale":"sr_RS","og_type":"article","og_title":"Kontakt \u2013 Agencija za nekretnine Kola\u0161in Property","og_description":"Kontaktirajte Kola\u0161in Property \u2013 agenciju za nekretnine u Kola\u0161inu. Prodaja i kupovina stanova, ku\u0107a i zemlji\u0161ta","og_url":"https:\/\/turizamnekretnine.me\/nekretnine\/contact-us\/","og_site_name":"Kola\u0161in Property","article_publisher":"https:\/\/www.facebook.com\/nekretnine.kl\/","article_modified_time":"2026-03-04T19:33:39+00:00","og_image":[{"width":1200,"height":675,"url":"https:\/\/turizamnekretnine.me\/nekretnine\/wp-content\/uploads\/2024\/10\/Kolasin-property-nekretnine.jpg","type":"image\/jpeg"}],"twitter_card":"summary_large_image","twitter_title":"Kontakt","twitter_misc":{"\u041f\u0440\u043e\u0446\u0435\u045a\u0435\u043d\u043e \u0432\u0440\u0435\u043c\u0435 \u0447\u0438\u0442\u0430\u045a\u0430":"1 \u043c\u0438\u043d\u0443\u0442"},"schema":{"@context":"https:\/\/schema.org","@graph":[{"@type":"WebPage","@id":"https:\/\/turizamnekretnine.me\/nekretnine\/contact-us\/","url":"https:\/\/turizamnekretnine.me\/nekretnine\/contact-us\/","name":"Kontakt \u2013 Agencija za nekretnine Kola\u0161in | Kola\u0161in Property","isPartOf":{"@id":"https:\/\/turizamnekretnine.me\/nekretnine\/#website"},"datePublished":"2019-03-25T07:24:59+00:00","dateModified":"2026-03-04T19:33:39+00:00","description":"Kontaktirajte Kola\u0161in Property \u2013 agenciju za nekretnine u Kola\u0161inu. Prodaja i kupovina stanova, ku\u0107a i zemlji\u0161ta","breadcrumb":{"@id":"https:\/\/turizamnekretnine.me\/nekretnine\/contact-us\/#breadcrumb"},"inLanguage":"sr-RS","potentialAction":[{"@type":"ReadAction","target":["https:\/\/turizamnekretnine.me\/nekretnine\/contact-us\/"]}]},{"@type":"BreadcrumbList","@id":"https:\/\/turizamnekretnine.me\/nekretnine\/contact-us\/#breadcrumb","itemListElement":[{"@type":"ListItem","position":1,"name":"\u041f\u043e\u0447\u0435\u0442\u043d\u0430","item":"https:\/\/turizamnekretnine.me\/nekretnine\/"},{"@type":"ListItem","position":2,"name":"Kontakt"}]},{"@type":"WebSite","@id":"https:\/\/turizamnekretnine.me\/nekretnine\/#website","url":"https:\/\/turizamnekretnine.me\/nekretnine\/","name":"Kola\u0161in Property","description":"Real Estate in Kolasin &amp; Northern Montenegro","publisher":{"@id":"https:\/\/turizamnekretnine.me\/nekretnine\/#organization"},"alternateName":"Nekretnine Kola\u0161in","potentialAction":[{"@type":"SearchAction","target":{"@type":"EntryPoint","urlTemplate":"https:\/\/turizamnekretnine.me\/nekretnine\/?s={search_term_string}"},"query-input":{"@type":"PropertyValueSpecification","valueRequired":true,"valueName":"search_term_string"}}],"inLanguage":"sr-RS"},{"@type":"Organization","@id":"https:\/\/turizamnekretnine.me\/nekretnine\/#organization","name":"KUBURA-PROMET","url":"https:\/\/turizamnekretnine.me\/nekretnine\/","logo":{"@type":"ImageObject","inLanguage":"sr-RS","@id":"https:\/\/turizamnekretnine.me\/nekretnine\/#\/schema\/logo\/image\/","url":"https:\/\/turizamnekretnine.me\/nekretnine\/wp-content\/uploads\/2024\/10\/Logo-firma-short-1.png","contentUrl":"https:\/\/turizamnekretnine.me\/nekretnine\/wp-content\/uploads\/2024\/10\/Logo-firma-short-1.png","width":696,"height":696,"caption":"KUBURA-PROMET"},"image":{"@id":"https:\/\/turizamnekretnine.me\/nekretnine\/#\/schema\/logo\/image\/"},"sameAs":["https:\/\/www.facebook.com\/nekretnine.kl\/","https:\/\/www.facebook.com\/ecotravel.me"]}]}},"_links":{"self":[{"href":"https:\/\/turizamnekretnine.me\/nekretnine\/wp-json\/wp\/v2\/pages\/166","targetHints":{"allow":["GET"]}}],"collection":[{"href":"https:\/\/turizamnekretnine.me\/nekretnine\/wp-json\/wp\/v2\/pages"}],"about":[{"href":"https:\/\/turizamnekretnine.me\/nekretnine\/wp-json\/wp\/v2\/types\/page"}],"author":[{"embeddable":true,"href":"https:\/\/turizamnekretnine.me\/nekretnine\/wp-json\/wp\/v2\/users\/1"}],"replies":[{"embeddable":true,"href":"https:\/\/turizamnekretnine.me\/nekretnine\/wp-json\/wp\/v2\/comments?post=166"}],"version-history":[{"count":49,"href":"https:\/\/turizamnekretnine.me\/nekretnine\/wp-json\/wp\/v2\/pages\/166\/revisions"}],"predecessor-version":[{"id":5072,"href":"https:\/\/turizamnekretnine.me\/nekretnine\/wp-json\/wp\/v2\/pages\/166\/revisions\/5072"}],"wp:attachment":[{"href":"https:\/\/turizamnekretnine.me\/nekretnine\/wp-json\/wp\/v2\/media?parent=166"}],"curies":[{"name":"wp","href":"https:\/\/api.w.org\/{rel}","templated":true}]}}