{"id":180,"date":"2019-03-25T07:25:07","date_gmt":"2019-03-25T07:25:07","guid":{"rendered":"http:\/\/turizamnekretnine.me\/nekretnine\/houses\/"},"modified":"2026-03-04T20:47:37","modified_gmt":"2026-03-04T19:47:37","slug":"kuce","status":"publish","type":"page","link":"https:\/\/turizamnekretnine.me\/nekretnine\/kuce\/","title":{"rendered":"Ku\u0107e"},"content":{"rendered":"<section class=\"wpb-content-wrapper\"><p>[vc_row][vc_column]\t\t<listing-grid\r\n\t\t\tid=\"myhome-listing-grid\"\r\n\t\t\tclass=\"\"\r\n\t\t\tconfig-key='MyHomeListing1776960339'\r\n\t\t>\r\n\t\t\t\t\t<\/listing-grid>\r\n\t\t[\/vc_column][\/vc_row]<\/p>\n<\/section>","protected":false},"excerpt":{"rendered":"<p>[vc_row][vc_column][\/vc_column][\/vc_row]<\/p>\n","protected":false},"author":1,"featured_media":0,"parent":0,"menu_order":0,"comment_status":"closed","ping_status":"closed","template":"","meta":{"om_disable_all_campaigns":false,"_monsterinsights_skip_tracking":false,"_monsterinsights_sitenote_active":false,"_monsterinsights_sitenote_note":"","_monsterinsights_sitenote_category":0,"_uf_show_specific_survey":0,"_uf_disable_surveys":false,"footnotes":""},"class_list":["post-180","page","type-page","status-publish","hentry"],"acf":[],"yoast_head":"<!-- This site is optimized with the Yoast SEO Premium plugin v26.4 (Yoast SEO v27.4) - https:\/\/yoast.com\/product\/yoast-seo-premium-wordpress\/ -->\n<title>Ku\u0107e i vikendice na prodaju \u2013 Kola\u0161in i sjever Crne Gore<\/title>\n<meta name=\"description\" content=\"Pogledajte ponudu ku\u0107a i vikendica na prodaju u Kola\u0161inu i na sjeveru Crne Gore. Planinske ku\u0107e, porodi\u010dne ku\u0107e i vikendice\" \/>\n<meta name=\"robots\" content=\"index, follow, max-snippet:-1, max-image-preview:large, max-video-preview:-1\" \/>\n<link rel=\"canonical\" href=\"https:\/\/turizamnekretnine.me\/nekretnine\/kuce\/\" \/>\n<meta property=\"og:locale\" content=\"sr_RS\" \/>\n<meta property=\"og:type\" content=\"article\" \/>\n<meta property=\"og:title\" content=\"Ku\u0107e i vikendice na prodaju \u2013 Kola\u0161in i sjever Crne Gore\" \/>\n<meta property=\"og:description\" content=\"Pogledajte ponudu ku\u0107a i vikendica na prodaju u Kola\u0161inu i na sjeveru Crne Gore. Planinske ku\u0107e, porodi\u010dne ku\u0107e i vikendice\" \/>\n<meta property=\"og:url\" content=\"https:\/\/turizamnekretnine.me\/nekretnine\/kuce\/\" \/>\n<meta property=\"og:site_name\" content=\"Kola\u0161in Property\" \/>\n<meta property=\"article:publisher\" content=\"https:\/\/www.facebook.com\/nekretnine.kl\/\" \/>\n<meta property=\"article:modified_time\" content=\"2026-03-04T19:47:37+00:00\" \/>\n<meta property=\"og:image\" content=\"https:\/\/turizamnekretnine.me\/nekretnine\/wp-content\/uploads\/2024\/10\/Kolasin-property-nekretnine.jpg\" \/>\n\t<meta property=\"og:image:width\" content=\"1200\" \/>\n\t<meta property=\"og:image:height\" content=\"675\" \/>\n\t<meta property=\"og:image:type\" content=\"image\/jpeg\" \/>\n<meta name=\"twitter:card\" content=\"summary_large_image\" \/>\n<meta name=\"twitter:title\" content=\"Ku\u0107e\" \/>\n<meta name=\"twitter:label1\" content=\"\u041f\u0440\u043e\u0446\u0435\u045a\u0435\u043d\u043e \u0432\u0440\u0435\u043c\u0435 \u0447\u0438\u0442\u0430\u045a\u0430\" \/>\n\t<meta name=\"twitter:data1\" content=\"1 \u043c\u0438\u043d\u0443\u0442\" \/>\n<script type=\"application\/ld+json\" class=\"yoast-schema-graph\">{\"@context\":\"https:\\\/\\\/schema.org\",\"@graph\":[{\"@type\":\"WebPage\",\"@id\":\"https:\\\/\\\/turizamnekretnine.me\\\/nekretnine\\\/kuce\\\/\",\"url\":\"https:\\\/\\\/turizamnekretnine.me\\\/nekretnine\\\/kuce\\\/\",\"name\":\"Ku\u0107e i vikendice na prodaju \u2013 Kola\u0161in i sjever Crne Gore\",\"isPartOf\":{\"@id\":\"https:\\\/\\\/turizamnekretnine.me\\\/nekretnine\\\/#website\"},\"datePublished\":\"2019-03-25T07:25:07+00:00\",\"dateModified\":\"2026-03-04T19:47:37+00:00\",\"description\":\"Pogledajte ponudu ku\u0107a i vikendica na prodaju u Kola\u0161inu i na sjeveru Crne Gore. Planinske ku\u0107e, porodi\u010dne ku\u0107e i vikendice\",\"breadcrumb\":{\"@id\":\"https:\\\/\\\/turizamnekretnine.me\\\/nekretnine\\\/kuce\\\/#breadcrumb\"},\"inLanguage\":\"sr-RS\",\"potentialAction\":[{\"@type\":\"ReadAction\",\"target\":[\"https:\\\/\\\/turizamnekretnine.me\\\/nekretnine\\\/kuce\\\/\"]}]},{\"@type\":\"BreadcrumbList\",\"@id\":\"https:\\\/\\\/turizamnekretnine.me\\\/nekretnine\\\/kuce\\\/#breadcrumb\",\"itemListElement\":[{\"@type\":\"ListItem\",\"position\":1,\"name\":\"\u041f\u043e\u0447\u0435\u0442\u043d\u0430\",\"item\":\"https:\\\/\\\/turizamnekretnine.me\\\/nekretnine\\\/\"},{\"@type\":\"ListItem\",\"position\":2,\"name\":\"Ku\u0107e\"}]},{\"@type\":\"WebSite\",\"@id\":\"https:\\\/\\\/turizamnekretnine.me\\\/nekretnine\\\/#website\",\"url\":\"https:\\\/\\\/turizamnekretnine.me\\\/nekretnine\\\/\",\"name\":\"Kola\u0161in Property\",\"description\":\"Real Estate in Kolasin &amp; Northern Montenegro\",\"publisher\":{\"@id\":\"https:\\\/\\\/turizamnekretnine.me\\\/nekretnine\\\/#organization\"},\"alternateName\":\"Nekretnine Kola\u0161in\",\"potentialAction\":[{\"@type\":\"SearchAction\",\"target\":{\"@type\":\"EntryPoint\",\"urlTemplate\":\"https:\\\/\\\/turizamnekretnine.me\\\/nekretnine\\\/?s={search_term_string}\"},\"query-input\":{\"@type\":\"PropertyValueSpecification\",\"valueRequired\":true,\"valueName\":\"search_term_string\"}}],\"inLanguage\":\"sr-RS\"},{\"@type\":\"Organization\",\"@id\":\"https:\\\/\\\/turizamnekretnine.me\\\/nekretnine\\\/#organization\",\"name\":\"KUBURA-PROMET\",\"url\":\"https:\\\/\\\/turizamnekretnine.me\\\/nekretnine\\\/\",\"logo\":{\"@type\":\"ImageObject\",\"inLanguage\":\"sr-RS\",\"@id\":\"https:\\\/\\\/turizamnekretnine.me\\\/nekretnine\\\/#\\\/schema\\\/logo\\\/image\\\/\",\"url\":\"https:\\\/\\\/turizamnekretnine.me\\\/nekretnine\\\/wp-content\\\/uploads\\\/2024\\\/10\\\/Logo-firma-short-1.png\",\"contentUrl\":\"https:\\\/\\\/turizamnekretnine.me\\\/nekretnine\\\/wp-content\\\/uploads\\\/2024\\\/10\\\/Logo-firma-short-1.png\",\"width\":696,\"height\":696,\"caption\":\"KUBURA-PROMET\"},\"image\":{\"@id\":\"https:\\\/\\\/turizamnekretnine.me\\\/nekretnine\\\/#\\\/schema\\\/logo\\\/image\\\/\"},\"sameAs\":[\"https:\\\/\\\/www.facebook.com\\\/nekretnine.kl\\\/\",\"https:\\\/\\\/www.facebook.com\\\/ecotravel.me\"]}]}<\/script>\n<!-- \/ Yoast SEO Premium plugin. -->","yoast_head_json":{"title":"Ku\u0107e i vikendice na prodaju \u2013 Kola\u0161in i sjever Crne Gore","description":"Pogledajte ponudu ku\u0107a i vikendica na prodaju u Kola\u0161inu i na sjeveru Crne Gore. Planinske ku\u0107e, porodi\u010dne ku\u0107e i vikendice","robots":{"index":"index","follow":"follow","max-snippet":"max-snippet:-1","max-image-preview":"max-image-preview:large","max-video-preview":"max-video-preview:-1"},"canonical":"https:\/\/turizamnekretnine.me\/nekretnine\/kuce\/","og_locale":"sr_RS","og_type":"article","og_title":"Ku\u0107e i vikendice na prodaju \u2013 Kola\u0161in i sjever Crne Gore","og_description":"Pogledajte ponudu ku\u0107a i vikendica na prodaju u Kola\u0161inu i na sjeveru Crne Gore. Planinske ku\u0107e, porodi\u010dne ku\u0107e i vikendice","og_url":"https:\/\/turizamnekretnine.me\/nekretnine\/kuce\/","og_site_name":"Kola\u0161in Property","article_publisher":"https:\/\/www.facebook.com\/nekretnine.kl\/","article_modified_time":"2026-03-04T19:47:37+00:00","og_image":[{"width":1200,"height":675,"url":"https:\/\/turizamnekretnine.me\/nekretnine\/wp-content\/uploads\/2024\/10\/Kolasin-property-nekretnine.jpg","type":"image\/jpeg"}],"twitter_card":"summary_large_image","twitter_title":"Ku\u0107e","twitter_misc":{"\u041f\u0440\u043e\u0446\u0435\u045a\u0435\u043d\u043e \u0432\u0440\u0435\u043c\u0435 \u0447\u0438\u0442\u0430\u045a\u0430":"1 \u043c\u0438\u043d\u0443\u0442"},"schema":{"@context":"https:\/\/schema.org","@graph":[{"@type":"WebPage","@id":"https:\/\/turizamnekretnine.me\/nekretnine\/kuce\/","url":"https:\/\/turizamnekretnine.me\/nekretnine\/kuce\/","name":"Ku\u0107e i vikendice na prodaju \u2013 Kola\u0161in i sjever Crne Gore","isPartOf":{"@id":"https:\/\/turizamnekretnine.me\/nekretnine\/#website"},"datePublished":"2019-03-25T07:25:07+00:00","dateModified":"2026-03-04T19:47:37+00:00","description":"Pogledajte ponudu ku\u0107a i vikendica na prodaju u Kola\u0161inu i na sjeveru Crne Gore. Planinske ku\u0107e, porodi\u010dne ku\u0107e i vikendice","breadcrumb":{"@id":"https:\/\/turizamnekretnine.me\/nekretnine\/kuce\/#breadcrumb"},"inLanguage":"sr-RS","potentialAction":[{"@type":"ReadAction","target":["https:\/\/turizamnekretnine.me\/nekretnine\/kuce\/"]}]},{"@type":"BreadcrumbList","@id":"https:\/\/turizamnekretnine.me\/nekretnine\/kuce\/#breadcrumb","itemListElement":[{"@type":"ListItem","position":1,"name":"\u041f\u043e\u0447\u0435\u0442\u043d\u0430","item":"https:\/\/turizamnekretnine.me\/nekretnine\/"},{"@type":"ListItem","position":2,"name":"Ku\u0107e"}]},{"@type":"WebSite","@id":"https:\/\/turizamnekretnine.me\/nekretnine\/#website","url":"https:\/\/turizamnekretnine.me\/nekretnine\/","name":"Kola\u0161in Property","description":"Real Estate in Kolasin &amp; Northern Montenegro","publisher":{"@id":"https:\/\/turizamnekretnine.me\/nekretnine\/#organization"},"alternateName":"Nekretnine Kola\u0161in","potentialAction":[{"@type":"SearchAction","target":{"@type":"EntryPoint","urlTemplate":"https:\/\/turizamnekretnine.me\/nekretnine\/?s={search_term_string}"},"query-input":{"@type":"PropertyValueSpecification","valueRequired":true,"valueName":"search_term_string"}}],"inLanguage":"sr-RS"},{"@type":"Organization","@id":"https:\/\/turizamnekretnine.me\/nekretnine\/#organization","name":"KUBURA-PROMET","url":"https:\/\/turizamnekretnine.me\/nekretnine\/","logo":{"@type":"ImageObject","inLanguage":"sr-RS","@id":"https:\/\/turizamnekretnine.me\/nekretnine\/#\/schema\/logo\/image\/","url":"https:\/\/turizamnekretnine.me\/nekretnine\/wp-content\/uploads\/2024\/10\/Logo-firma-short-1.png","contentUrl":"https:\/\/turizamnekretnine.me\/nekretnine\/wp-content\/uploads\/2024\/10\/Logo-firma-short-1.png","width":696,"height":696,"caption":"KUBURA-PROMET"},"image":{"@id":"https:\/\/turizamnekretnine.me\/nekretnine\/#\/schema\/logo\/image\/"},"sameAs":["https:\/\/www.facebook.com\/nekretnine.kl\/","https:\/\/www.facebook.com\/ecotravel.me"]}]}},"_links":{"self":[{"href":"https:\/\/turizamnekretnine.me\/nekretnine\/wp-json\/wp\/v2\/pages\/180","targetHints":{"allow":["GET"]}}],"collection":[{"href":"https:\/\/turizamnekretnine.me\/nekretnine\/wp-json\/wp\/v2\/pages"}],"about":[{"href":"https:\/\/turizamnekretnine.me\/nekretnine\/wp-json\/wp\/v2\/types\/page"}],"author":[{"embeddable":true,"href":"https:\/\/turizamnekretnine.me\/nekretnine\/wp-json\/wp\/v2\/users\/1"}],"replies":[{"embeddable":true,"href":"https:\/\/turizamnekretnine.me\/nekretnine\/wp-json\/wp\/v2\/comments?post=180"}],"version-history":[{"count":3,"href":"https:\/\/turizamnekretnine.me\/nekretnine\/wp-json\/wp\/v2\/pages\/180\/revisions"}],"predecessor-version":[{"id":4848,"href":"https:\/\/turizamnekretnine.me\/nekretnine\/wp-json\/wp\/v2\/pages\/180\/revisions\/4848"}],"wp:attachment":[{"href":"https:\/\/turizamnekretnine.me\/nekretnine\/wp-json\/wp\/v2\/media?parent=180"}],"curies":[{"name":"wp","href":"https:\/\/api.w.org\/{rel}","templated":true}]}}