{"id":5809,"date":"2019-03-27T09:08:48","date_gmt":"2019-03-27T08:08:48","guid":{"rendered":"http:\/\/turizamnekretnine.me\/turizam\/?page_id=5809"},"modified":"2025-08-06T23:48:16","modified_gmt":"2025-08-06T21:48:16","slug":"ugostiteljski-objekti","status":"publish","type":"page","link":"https:\/\/turizamnekretnine.me\/turizam\/ugostiteljski-objekti\/","title":{"rendered":"Ugostiteljski objekti"},"content":{"rendered":"<h4 style=\"text-align: center;\"><a href=\"https:\/\/turizamnekretnine.me\/turizam\/restorani\/\">\ud83c\udf7d\ufe0f <strong data-start=\"446\" data-end=\"456\">Restorani<\/strong><\/a><\/h4>\n<pre style=\"text-align: center;\" data-start=\"443\" data-end=\"495\">raznovrsna doma\u0107a i internacionalna kuhinja\r\n\r\n<\/pre>\n<h4 style=\"text-align: center;\" data-start=\"498\" data-end=\"559\"><a href=\"https:\/\/turizamnekretnine.me\/turizam\/konobe\/\">\ud83c\udfe0 <strong data-start=\"501\" data-end=\"514\">Konobe<\/strong><\/a><\/h4>\n<pre style=\"text-align: center;\" data-start=\"498\" data-end=\"559\">autenti\u010dan ambijent i tradicionalni specijaliteti\r\n\r\n<\/pre>\n<h4 style=\"text-align: center;\" data-start=\"498\" data-end=\"559\"><a href=\"https:\/\/turizamnekretnine.me\/turizam\/picerije\/\">\ud83c\udf55 <strong data-start=\"335\" data-end=\"369\">Picerije<\/strong><\/a><\/h4>\n<pre style=\"text-align: center;\" data-start=\"498\" data-end=\"559\">neformalna atmosfera i omiljeni zalogaji\r\n\r\n<\/pre>\n<h4 style=\"text-align: center;\" data-start=\"562\" data-end=\"627\"><a href=\"https:\/\/turizamnekretnine.me\/turizam\/eko-katuni\/\">\ud83c\udf79 <strong data-start=\"269\" data-end=\"283\">Barovi<\/strong><\/a><\/h4>\n<pre style=\"text-align: center;\" data-start=\"562\" data-end=\"627\">mjesto za opu\u0161tanje uz pi\u0107e i muziku\r\n\r\n<\/pre>\n<h4 style=\"text-align: center;\" data-start=\"630\" data-end=\"699\"><a href=\"https:\/\/turizamnekretnine.me\/turizam\/brza-hrana\/\"><strong data-start=\"406\" data-end=\"433\">\ud83c\udf2f Brza hrana<\/strong><\/a><\/h4>\n<pre style=\"text-align: center;\" data-start=\"630\" data-end=\"699\">ukusna i prakti\u010dna ponuda za ponijeti\r\n\r\n<\/pre>\n<h4 style=\"text-align: center;\" data-start=\"630\" data-end=\"699\"><a href=\"https:\/\/turizamnekretnine.me\/turizam\/pekare\/\">\ud83e\udd50 <strong data-start=\"406\" data-end=\"433\">Pekare<\/strong><\/a><\/h4>\n<pre style=\"text-align: center;\">svje\u017ee pecivo i hljeb svako jutro\r\n\r\n<\/pre>\n<h4 style=\"text-align: center;\" data-start=\"630\" data-end=\"699\"><a href=\"https:\/\/turizamnekretnine.me\/turizam\/poslasticare\/\">\ud83c\udf70 <strong data-start=\"406\" data-end=\"433\">Poslasti\u010dare<\/strong><\/a><\/h4>\n<pre style=\"text-align: center;\">doma\u0107i kola\u010di, torte i ledene poslastice<\/pre>\n","protected":false},"excerpt":{"rendered":"<p>\ud83c\udf7d\ufe0f Restorani raznovrsna doma\u0107a i internacionalna kuhinja \ud83c\udfe0 Konobe autenti\u010dan ambijent i tradicionalni specijaliteti \ud83c\udf55 Picerije neformalna atmosfera i omiljeni zalogaji \ud83c\udf79 Barovi mjesto za opu\u0161tanje uz pi\u0107e i muziku \ud83c\udf2f Brza hrana ukusna i prakti\u010dna ponuda za ponijeti \ud83e\udd50 Pekare svje\u017ee pecivo i hljeb svako jutro \ud83c\udf70 Poslasti\u010dare doma\u0107i kola\u010di, torte i ledene poslastice<\/p>\n","protected":false},"author":1,"featured_media":0,"parent":0,"menu_order":0,"comment_status":"closed","ping_status":"closed","template":"","meta":{"footnotes":""},"class_list":["post-5809","page","type-page","status-publish","hentry"],"yoast_head":"<!-- This site is optimized with the Yoast SEO Premium plugin v27.2 (Yoast SEO v27.2) - https:\/\/yoast.com\/product\/yoast-seo-premium-wordpress\/ -->\n<title>Ugostiteljki objekti u Kola\u0161inu - restorani, konobe, picerije, barovi<\/title>\n<meta name=\"description\" content=\"Prona\u0111ite i rezervi\u0161ite po va\u0161em ukusu, brzo i jednostavno \u2013 restorani, konobe, picerije, barovi Kola\u0161in Crna Gora\" \/>\n<meta name=\"robots\" content=\"index, follow, max-snippet:-1, max-image-preview:large, max-video-preview:-1\" \/>\n<link rel=\"canonical\" href=\"https:\/\/turizamnekretnine.me\/turizam\/ugostiteljski-objekti\/\" \/>\n<meta property=\"og:locale\" content=\"en_US\" \/>\n<meta property=\"og:type\" content=\"article\" \/>\n<meta property=\"og:title\" content=\"Ugostiteljki objekti u Kola\u0161inu - restorani, konobe, picerije, barovi\" \/>\n<meta property=\"og:description\" content=\"Prona\u0111ite i rezervi\u0161ite po va\u0161em ukusu, brzo i jednostavno \u2013 restorani, konobe, picerije, barovi Kola\u0161in Crna Gora\" \/>\n<meta property=\"og:url\" content=\"https:\/\/turizamnekretnine.me\/turizam\/ugostiteljski-objekti\/\" \/>\n<meta property=\"og:site_name\" content=\"Kola\u0161in Eco Travel\" \/>\n<meta property=\"article:publisher\" content=\"https:\/\/www.facebook.com\/ecotravel.me\" \/>\n<meta property=\"article:modified_time\" content=\"2025-08-06T21:48:16+00:00\" \/>\n<meta property=\"og:image\" content=\"https:\/\/turizamnekretnine.me\/turizam\/wp-content\/uploads\/2025\/07\/KOLASIN-scaled.jpg\" \/>\n\t<meta property=\"og:image:width\" content=\"2560\" \/>\n\t<meta property=\"og:image:height\" content=\"1707\" \/>\n\t<meta property=\"og:image:type\" content=\"image\/jpeg\" \/>\n<meta name=\"twitter:card\" content=\"summary_large_image\" \/>\n<meta name=\"twitter:title\" content=\"Ugostiteljski objekti\" \/>\n<meta name=\"twitter:label1\" content=\"Est. reading time\" \/>\n\t<meta name=\"twitter:data1\" content=\"1 minute\" \/>\n<script type=\"application\/ld+json\" class=\"yoast-schema-graph\">{\"@context\":\"https:\/\/schema.org\",\"@graph\":[{\"@type\":\"WebPage\",\"@id\":\"https:\/\/turizamnekretnine.me\/turizam\/ugostiteljski-objekti\/\",\"url\":\"https:\/\/turizamnekretnine.me\/turizam\/ugostiteljski-objekti\/\",\"name\":\"Ugostiteljki objekti u Kola\u0161inu - restorani, konobe, picerije, barovi\",\"isPartOf\":{\"@id\":\"https:\/\/turizamnekretnine.me\/turizam\/#website\"},\"datePublished\":\"2019-03-27T08:08:48+00:00\",\"dateModified\":\"2025-08-06T21:48:16+00:00\",\"description\":\"Prona\u0111ite i rezervi\u0161ite po va\u0161em ukusu, brzo i jednostavno \u2013 restorani, konobe, picerije, barovi Kola\u0161in Crna Gora\",\"breadcrumb\":{\"@id\":\"https:\/\/turizamnekretnine.me\/turizam\/ugostiteljski-objekti\/#breadcrumb\"},\"inLanguage\":\"en-US\",\"potentialAction\":[{\"@type\":\"ReadAction\",\"target\":[\"https:\/\/turizamnekretnine.me\/turizam\/ugostiteljski-objekti\/\"]}]},{\"@type\":\"BreadcrumbList\",\"@id\":\"https:\/\/turizamnekretnine.me\/turizam\/ugostiteljski-objekti\/#breadcrumb\",\"itemListElement\":[{\"@type\":\"ListItem\",\"position\":1,\"name\":\"Home\",\"item\":\"https:\/\/turizamnekretnine.me\/turizam\/\"},{\"@type\":\"ListItem\",\"position\":2,\"name\":\"Ugostiteljski objekti\"}]},{\"@type\":\"WebSite\",\"@id\":\"https:\/\/turizamnekretnine.me\/turizam\/#website\",\"url\":\"https:\/\/turizamnekretnine.me\/turizam\/\",\"name\":\"Kola\u0161in Eco Travel Montenegro\",\"description\":\"Travel Agency\",\"publisher\":{\"@id\":\"https:\/\/turizamnekretnine.me\/turizam\/#organization\"},\"potentialAction\":[{\"@type\":\"SearchAction\",\"target\":{\"@type\":\"EntryPoint\",\"urlTemplate\":\"https:\/\/turizamnekretnine.me\/turizam\/?s={search_term_string}\"},\"query-input\":{\"@type\":\"PropertyValueSpecification\",\"valueRequired\":true,\"valueName\":\"search_term_string\"}}],\"inLanguage\":\"en-US\"},{\"@type\":\"Organization\",\"@id\":\"https:\/\/turizamnekretnine.me\/turizam\/#organization\",\"name\":\"Kola\u0161in Eco Travel\",\"url\":\"https:\/\/turizamnekretnine.me\/turizam\/\",\"logo\":{\"@type\":\"ImageObject\",\"inLanguage\":\"en-US\",\"@id\":\"https:\/\/turizamnekretnine.me\/turizam\/#\/schema\/logo\/image\/\",\"url\":\"https:\/\/turizamnekretnine.me\/turizam\/wp-content\/uploads\/2025\/11\/cropped-Logo-Social-media.png\",\"contentUrl\":\"https:\/\/turizamnekretnine.me\/turizam\/wp-content\/uploads\/2025\/11\/cropped-Logo-Social-media.png\",\"width\":512,\"height\":512,\"caption\":\"Kola\u0161in Eco Travel\"},\"image\":{\"@id\":\"https:\/\/turizamnekretnine.me\/turizam\/#\/schema\/logo\/image\/\"},\"sameAs\":[\"https:\/\/www.facebook.com\/ecotravel.me\",\"https:\/\/www.instagram.com\/kolasin_ecotravel\",\"https:\/\/www.youtube.com\/@KolasinEcoTravelME\"]}]}<\/script>\n<!-- \/ Yoast SEO Premium plugin. -->","yoast_head_json":{"title":"Ugostiteljki objekti u Kola\u0161inu - restorani, konobe, picerije, barovi","description":"Prona\u0111ite i rezervi\u0161ite po va\u0161em ukusu, brzo i jednostavno \u2013 restorani, konobe, picerije, barovi Kola\u0161in Crna Gora","robots":{"index":"index","follow":"follow","max-snippet":"max-snippet:-1","max-image-preview":"max-image-preview:large","max-video-preview":"max-video-preview:-1"},"canonical":"https:\/\/turizamnekretnine.me\/turizam\/ugostiteljski-objekti\/","og_locale":"en_US","og_type":"article","og_title":"Ugostiteljki objekti u Kola\u0161inu - restorani, konobe, picerije, barovi","og_description":"Prona\u0111ite i rezervi\u0161ite po va\u0161em ukusu, brzo i jednostavno \u2013 restorani, konobe, picerije, barovi Kola\u0161in Crna Gora","og_url":"https:\/\/turizamnekretnine.me\/turizam\/ugostiteljski-objekti\/","og_site_name":"Kola\u0161in Eco Travel","article_publisher":"https:\/\/www.facebook.com\/ecotravel.me","article_modified_time":"2025-08-06T21:48:16+00:00","og_image":[{"width":2560,"height":1707,"url":"https:\/\/turizamnekretnine.me\/turizam\/wp-content\/uploads\/2025\/07\/KOLASIN-scaled.jpg","type":"image\/jpeg"}],"twitter_card":"summary_large_image","twitter_title":"Ugostiteljski objekti","twitter_misc":{"Est. reading time":"1 minute"},"schema":{"@context":"https:\/\/schema.org","@graph":[{"@type":"WebPage","@id":"https:\/\/turizamnekretnine.me\/turizam\/ugostiteljski-objekti\/","url":"https:\/\/turizamnekretnine.me\/turizam\/ugostiteljski-objekti\/","name":"Ugostiteljki objekti u Kola\u0161inu - restorani, konobe, picerije, barovi","isPartOf":{"@id":"https:\/\/turizamnekretnine.me\/turizam\/#website"},"datePublished":"2019-03-27T08:08:48+00:00","dateModified":"2025-08-06T21:48:16+00:00","description":"Prona\u0111ite i rezervi\u0161ite po va\u0161em ukusu, brzo i jednostavno \u2013 restorani, konobe, picerije, barovi Kola\u0161in Crna Gora","breadcrumb":{"@id":"https:\/\/turizamnekretnine.me\/turizam\/ugostiteljski-objekti\/#breadcrumb"},"inLanguage":"en-US","potentialAction":[{"@type":"ReadAction","target":["https:\/\/turizamnekretnine.me\/turizam\/ugostiteljski-objekti\/"]}]},{"@type":"BreadcrumbList","@id":"https:\/\/turizamnekretnine.me\/turizam\/ugostiteljski-objekti\/#breadcrumb","itemListElement":[{"@type":"ListItem","position":1,"name":"Home","item":"https:\/\/turizamnekretnine.me\/turizam\/"},{"@type":"ListItem","position":2,"name":"Ugostiteljski objekti"}]},{"@type":"WebSite","@id":"https:\/\/turizamnekretnine.me\/turizam\/#website","url":"https:\/\/turizamnekretnine.me\/turizam\/","name":"Kola\u0161in Eco Travel Montenegro","description":"Travel Agency","publisher":{"@id":"https:\/\/turizamnekretnine.me\/turizam\/#organization"},"potentialAction":[{"@type":"SearchAction","target":{"@type":"EntryPoint","urlTemplate":"https:\/\/turizamnekretnine.me\/turizam\/?s={search_term_string}"},"query-input":{"@type":"PropertyValueSpecification","valueRequired":true,"valueName":"search_term_string"}}],"inLanguage":"en-US"},{"@type":"Organization","@id":"https:\/\/turizamnekretnine.me\/turizam\/#organization","name":"Kola\u0161in Eco Travel","url":"https:\/\/turizamnekretnine.me\/turizam\/","logo":{"@type":"ImageObject","inLanguage":"en-US","@id":"https:\/\/turizamnekretnine.me\/turizam\/#\/schema\/logo\/image\/","url":"https:\/\/turizamnekretnine.me\/turizam\/wp-content\/uploads\/2025\/11\/cropped-Logo-Social-media.png","contentUrl":"https:\/\/turizamnekretnine.me\/turizam\/wp-content\/uploads\/2025\/11\/cropped-Logo-Social-media.png","width":512,"height":512,"caption":"Kola\u0161in Eco Travel"},"image":{"@id":"https:\/\/turizamnekretnine.me\/turizam\/#\/schema\/logo\/image\/"},"sameAs":["https:\/\/www.facebook.com\/ecotravel.me","https:\/\/www.instagram.com\/kolasin_ecotravel","https:\/\/www.youtube.com\/@KolasinEcoTravelME"]}]}},"_links":{"self":[{"href":"https:\/\/turizamnekretnine.me\/turizam\/wp-json\/wp\/v2\/pages\/5809","targetHints":{"allow":["GET"]}}],"collection":[{"href":"https:\/\/turizamnekretnine.me\/turizam\/wp-json\/wp\/v2\/pages"}],"about":[{"href":"https:\/\/turizamnekretnine.me\/turizam\/wp-json\/wp\/v2\/types\/page"}],"author":[{"embeddable":true,"href":"https:\/\/turizamnekretnine.me\/turizam\/wp-json\/wp\/v2\/users\/1"}],"replies":[{"embeddable":true,"href":"https:\/\/turizamnekretnine.me\/turizam\/wp-json\/wp\/v2\/comments?post=5809"}],"version-history":[{"count":5,"href":"https:\/\/turizamnekretnine.me\/turizam\/wp-json\/wp\/v2\/pages\/5809\/revisions"}],"predecessor-version":[{"id":10669,"href":"https:\/\/turizamnekretnine.me\/turizam\/wp-json\/wp\/v2\/pages\/5809\/revisions\/10669"}],"wp:attachment":[{"href":"https:\/\/turizamnekretnine.me\/turizam\/wp-json\/wp\/v2\/media?parent=5809"}],"curies":[{"name":"wp","href":"https:\/\/api.w.org\/{rel}","templated":true}]}}